 of 22738870 and 462.
154
Calculate the highest common divisor of 473514725 and 50.
25
What is the greatest common factor of 291203 and 466155?
1151
Calculate the greatest common factor of 136230 and 83494650.
7170
Calculate the highest common factor of 217060 and 156100.
20
What is the highest common divisor of 79 and 74216866?
79
Calculate the greatest common divisor of 12052 and 518826548.
12052
Calculate the greatest common divisor of 2205 and 216045.
45
What is the greatest common divisor of 61679970 and 180?
90
What is the highest common divisor of 60 and 96532395?
15
Calculate the highest common divisor of 24885 and 1087358370.
8295
What is the greatest common divisor of 86000 and 1111750?
250
Calculate the highest common divisor of 19043 and 3420373.
139
What is the highest common divisor of 1180 and 30007105?
295
Calculate the highest common factor of 5340110 and 155390.
3790
What is the greatest common divisor of 167518710 and 75?
15
Calculate the highest common divisor of 1870 and 40407290.
110
Calculate the highest common divisor of 27429765 and 33.
33
Calculate the highest common factor of 3196116 and 914067.
693
Calculate the highest common factor of 67446 and 8740502.
2498
Calculate the highest common factor of 1032450 and 39450.
150
Calculate the highest common factor of 11092891 and 51.
17
What is the highest common factor of 19582041 and 4779?
177
Calculate the greatest common divisor of 686 and 1299909632.
686
Calculate the greatest common factor of 128836 and 588074.
2078
Calculate the highest common divisor of 1522048 and 3982.
22
What is the greatest common divisor of 240412 and 9748?
4
What is the greatest common divisor of 121047 and 51143?
257
Calculate the greatest common factor of 5 and 10734295.
5
Calculate the highest common divisor of 18029767 and 9842.
259
Calculate the greatest common factor of 93561415 and 32525.
6505
Calculate the greatest common factor of 1798242 and 21.
3
Calculate the greatest common factor of 1804621 and 343.
49
What is the highest common divisor of 1965069 and 1044?
261
What is the highest common divisor of 216 and 13929576?
24
Calculate the highest common factor of 2037512 and 7009.
43
Calculate the highest common divisor of 145073 and 1455988.
239
Calculate the greatest common divisor of 7080483 and 57.
57
Calculate the greatest common factor of 15952 and 467344.
16
Calculate the greatest common divisor of 138 and 54014718.
138
Calculate the greatest common factor of 2799383 and 111.
37
What is the highest common divisor of 48373334 and 348?
58
What is the greatest common factor of 2985277 and 25424?
227
What is the highest common divisor of 1002715901 and 6094?
3047
What is the greatest common factor of 15200 and 730400?
800
What is the highest common factor of 2916783 and 97173?
1593
Calculate the highest common factor of 49021 and 2128301.
329
Calculate the greatest common factor of 601711 and 1859.
11
What is the highest common factor of 366 and 873148449?
183
Calculate the greatest common divisor of 6165 and 24079257.
1233
What is the highest common divisor of 74144 and 13216?
224
What is the highest common factor of 223917505 and 70?
35
What is the highest common factor of 17320 and 1136360?
40
What is the greatest common factor of 3155136 and 696?
24
What is the highest common factor of 4056 and 4886466?
1014
Calculate the greatest common factor of 442 and 5216705.
221
What is the highest common factor of 4 and 168885350?
2
What is the greatest common factor of 657 and 23965827?
219
Calculate the greatest common factor of 188038 and 524361.
631
What is the highest common divisor of 540 and 1059222?
6
Calculate the highest common factor of 37228442 and 2896.
362
Calculate the greatest common factor of 12 and 43720926.
6
What is the greatest common divisor of 4240 and 62120?
40
Calculate the highest common factor of 92156 and 624.
4
Calculate the greatest common factor of 226338 and 789.
3
Calculate the greatest common factor of 822 and 2997286.
274
Calculate the greatest common factor of 254 and 11186.
2
Calculate the greatest common factor of 101515 and 185413.
79
Calculate the highest common divisor of 308 and 112987.
7
Calculate the highest common factor of 180 and 1684620.
180
What is the highest common divisor of 73505 and 2708840?
1205
What is the greatest common divisor of 108377 and 869?
1
Calculate the greatest common divisor of 50 and 163196025.
25
Calculate the highest common divisor of 23531940 and 81260.
4780
What is the greatest common factor of 22467456 and 5808?
528
What is the highest common factor of 1355 and 44680?
5
What is the greatest common divisor of 631733 and 344?
1
Calculate the greatest common factor of 801 and 498888.
9
Calculate the highest common factor of 47 and 61046937.
47
Calculate the highest common factor of 213 and 12081.
3
Calculate the highest common factor of 219810 and 790454.
862
What is the greatest common factor of 25 and 5929895?
5
Calculate the greatest common factor of 644 and 2206298.
46
What is the highest common divisor of 40 and 682086760?
40
Calculate the greatest common factor of 52459651 and 1751.
103
What is the greatest common divisor of 10448 and 8160541?
653
Calculate the greatest common divisor of 498 and 9308118.
498
What is the highest common factor of 295676 and 239320?
772
What is the highest common factor of 52 and 10116236?
52
What is the highest common divisor of 102135748 and 2288?
572
What is the highest common divisor of 7112 and 8881364?
508
What is the highest common factor of 3827 and 2604596?
43
What is the greatest common factor of 434733 and 2047214?
923
What is the highest common divisor of 351440 and 88960?
80
Calculate the greatest common divisor of 2083757 and 979.
89
What is the highest common factor of 5090047 and 1130573?
4937
What is the highest common divisor of 56544 and 156864?
1824
What is the greatest common factor of 185841684 and 72?
36
What is the greatest common factor of 11225 and 131275?
25
Calculate the greatest common divisor of 29516 and 2645254.
94
Calculate the highest common divisor of 19831078 and 306.
34
What is the greatest common factor of 622958 and 76580?
14
What is the greatest common divisor of 171337696 and 14841?
1649
Calculate the greatest common divisor of 2727 and 8480133.
27
Calculate the greatest common factor of 109342 and 1472.
46
Calculate the greatest common factor of 1148 and 1538068.
28
Calculate the highest common factor of 1284 and 22094109.
321
Calculate the highest common factor of 8660817 and 241.
241
Calculate the highest common factor of 1444023 and 126.
63
What is the greatest common factor of 36517 and 50661?
13
What is the highest common factor of 19512 and 1637924?
1084
What is the greatest common factor of 73164260 and 1690?
130
What is the highest common factor of 442 and 692562?
26
What is the greatest common factor of 108 and 369570114?
54
What is the highest common factor of 1137 and 149829312?
1137
What is the greatest common factor of 658464 and 4218?
114
What is the highest common factor of 1861598 and 610?
122
What is the highest common divisor of 1017 and 10377?
9
Calculate the highest common divisor of 115 and 16312405.
115
What is the greatest common divisor of 45913190 and 5?
5
What is the highest common factor of 134 and 102315365?
67
Calculate the highest common divisor of 10154016 and 156.
12
Calculate the greatest common factor of 223832070 and 24255.
3465
What is the highest common factor of 848 and 36289948?
212
What is the highest common factor of 290843 and 56?
7
Calculate the greatest common factor of 309 and 14315867.
103
Calculate the highest common divisor of 5335 and 26724082.
1067
Calculate the greatest common divisor of 35597 and 13.
1
Calculate the greatest common divisor of 3620 and 114830020.
3620
What is the greatest common factor of 58801779 and 5058?
2529
What is the greatest common divisor of 23626222 and 2?
2
What is the greatest common divisor of 29773915 and 2765?
395
Calculate the highest common factor of 9428470 and 10.
10
What is the greatest common factor of 265667 and 44998?
149
Calculate the greatest common factor of 1916837 and 65.
13
What is the greatest common factor of 77801166 and 450?
18
Calculat